*q**3/3 - 3*q**2 - q - 390. Give h(-22).
16
Let a(k) = -6 + 3 - 101*k + 102*k. Let z = -45 - -45. What is a(z)?
-3
Let w(b) = 206*b - 145. Let g(j) = 39*j - 28. Let h(c) = -11*g(c) + 2*w(c). Give h(-3).
69
Let q(u) be the third derivative of -7*u**5/60 + 37*u**4/8 + 19*u**3/6 + 6974*u**2. Give q(16).
3
Let a(j) = 26*j + 134. Let b be a(-5). Let h(l) = 4*l**3 - 8*l**2 + 2 - 4*l - b*l**3 - 6*l + l**3. What is h(9)?
-7
Let x(m) = m + 38. Let h be x(-38). Let u(g) = 56 - 33*g - g**2 + 34*g - 64. Give u(h).
-8
Let q be 880/(-72) + 7 + 5 - (-40)/18. Let c(p) = 4*p - 18. Determine c(q).
-10
Let c(a) = -a**2 + 12*a - 37. Let i be c(5). Let r(j) = -13*j + 6. What is r(i)?
32
Let c(n) = -n**3 - 11*n**2 - 11*n - 14. Let o(b) = -7*b + 4. Let r be o(-1). Let l = r - -89. Suppose 7*i = -3*i - l. What is c(i)?
-4
Let j(r) be the first derivative of -r**4/4 + 2*r**3/3 - 3*r**2/2 - r + 3571. Give j(2).
-7
Let m(n) = -3*n**3 + n + 2. Let y be (-1001)/(-847) - (-1)/((-22)/4). Let i be (-320)/(-150) + 8/(-60)*y. Determine m(i).
-20
Let t(w) = 2 + w - 4 + 10. Let i(o) = -9*o + o - 7*o**2 - 5*o**3 - 20 + 4*o**3 + 0*o**2. Let z be i(-6). Give t(z).
0
Let l(c) = -7*c + 22856 - 23018 - 20*c - 28*c. Calculate l(-3).
3
Let z = -161 + 300. Let i = z + -154. Let b(a) = -a**3 - 16*a**2 - 16*a - 12. What is b(i)?
3
Let s(f) = 2*f. Let p(n) = -n - 4. Let v be p(-16). Let c be 2/6 - (3 - 152/v). Let i be 6/c - 1 - 160/100. Calculate s(i).
-4
Let o = -4617 + 4610. Let v(t) = -t**2 - t + 15. What is v(o)?
-27
Let v be 54/(-36)*(-172)/6. Suppose -84 = 2*k - 3*s, -16 - 152 = 4*k - 5*s. Let r = v + k. Let u(z) = 3*z**2 - z + 1. Calculate u(r).
3
Let j(d) = 54 + 27 + 36*d**2 - 63*d + d**3 - 8*d**2 - 170. Determine j(-30).
1
Let i(d) = 13*d + 80. Let t be i(-6). Suppose 0 = 3*m + 4 + t. Let y(n) = 3*n**2 - n. Give y(m).
14
Let x = 4545 - 4533. Let c(o) = o**2 - 15*o + 41. What is c(x)?
5
Let o(r) be the second derivative of r**4/12 - 7*r**3/6 + 9*r**2/2 - r. Suppose 250 = -5*f - 5*d + 255, 40 = 5*f - 2*d. Give o(f).
3
Let a(n) = n**3 + 7. Let f = 33 + -33. Let y be a(f). Let i(g) = -g**2 + 11*g - 29. Let w be i(y). Let b(u) = 2*u**3 + 2*u**2 + u. Calculate b(w).
-1
Let t(p) be the second derivative of p**5/10 - 3*p**4 + 35*p**3/6 - 11*p**2/2 + 1323*p. Give t(17).
6
Let h(m) = 6*m. Let q(z) = 2*z + 1. Let c(r) = -2*h(r) + 5*q(r). Let b(p) = 26*p + 333. Let t be b(-13). Calculate c(t).
15
Let k(i) = -104 + 1857*i + 1850*i - 5561*i + 1843*i. Determine k(-10).
6
Let o(w) = 5*w + 22. Let u(x) = 85*x + 365. Let j(k) = -50*o(k) + 3*u(k). Determine j(1).
0
Let s(g) = 10*g**2 - 24*g - 7. Let n(j) = 3*j + j - 5 - 9*j. Let t(b) = b**2 - 11*b - 9. Let z(o) = -5*n(o) + 3*t(o). Let q(w) = -2*s(w) + 7*z(w). What is q(7)?
-7
Let w = 2083 + -2076. Let k be 2 - (-2)/(-2)*2. Let f(o) = 0*o + 10 + k*o + 3*o - 4*o. What is f(w)?
3
Let u(y) = -2011*y - 18086. Let v be u(-9). Let w(f) = -7*f**2 + 90*f + 20. Determine w(v).
7
Let m(i) = 11*i**2 - i - 1. Let o(j) = -21*j**2 + 8*j + 7. Let a(r) = 2*m(r) + o(r). Determine a(-4).
-3
Let m(c) = -9*c + 149. Let y = -21190 + 21206. Determine m(y).
5
Let g(d) be the third derivative of -11*d**2 + 0 - 2*d - 1/2*d**3 - 1/12*d**4 + 1/60*d**5. Calculate g(7).
32
Let g(o) = -15*o**2 + 19*o - 11. Let h(y) = -19*y**2 + 15*y - 11. Let l(j) = 7*g(j) - 6*h(j). Give l(-5).
-1
Let w(u) = 6*u - 2*u**2 + u**2 - 1 + 7*u - 3*u - 3*u. What is w(4)?
11
Suppose 2*y - 3*p = 4, -3*p = -5*y + 14 - 4. Let s(j) = -2*j - j**2 + 0*j**y + 8*j - 8*j. Suppose 7 = -4*n - 1. Give s(n).
0
Let p(l) be the second derivative of -7*l**3/6 - l**2 - 30*l. Let r(z) = -19*z - 5. Let k(y) = -17*p(y) + 6*r(y). Give k(4).
24
Let x(d) = d - 5. Let o(f) = -2*f + 10. Let i(w) = -6*o(w) - 14*x(w). Let n = 517 - 512. Determine i(n).
0
Let s = -2110 + 2112. Let f(y) be the second derivative of 0 - 1/2*y**s - 1/2*y**3 + 11*y. Give f(-4).
11
Let b(c) be the third derivative of 0*c + 35/24*c**4 + 44*c**2 + 0*c**3 + 0. Determine b(1).
35
Let n(x) = -x - 12. Let b be n(-15). Let h = 37 - 35. Let f(z) = 8*z**h - z**3 + 4*z**2 + 0*z + 2 + 3*z - 10*z**2. What is f(b)?
2
Suppose -2*r = -5*u - 103 + 38, -5*r = -5*u - 80. Let j(g) = 3*g**3 + 34*g**2 + 7*g - 34. Give j(u).
10
Let g(c) = -3*c + 1. Let x(r) = -13*r + 4. Let l(d) = -7*g(d) + 2*x(d). Let v be l(-2). Let q(a) = -a + 15. What is q(v)?
4
Suppose -19*y + 3 = -18*y. Suppose 4*z = 3*v - 38, 12*v = -y*z + 8*v - 41. Let x(h) = -h + 14. What is x(z)?
25
Let f(j) = -2*j**2 - 22*j + 166. Let n = 30055 - 30071. Calculate f(n).
6
Suppose -15*f - 31 = -3*y - 16*f, -y + 19 = -4*f. Let i(d) = 3*d + 6*d + 3*d - y*d - 2*d - 11. Calculate i(-18).
7
Let l(o) = 34*o**2 - 36*o**2 + 3*o + 0*o. Let d(g) = -g**2 + 8*g + 1075. Let x be d(37). Determine l(x).
-2
Let p(y) be the third derivative of y**5/60 + 13*y**3/6 - 3*y**2 + 166. Give p(6).
49
Let h(c) = -119*c + 3343. Let l be h(28). Let w(t) = 11*t - 10. Give w(l).
111
Suppose 80*x = 90*x. Let t be x - (11/3 - (-5)/15). Let r(f) = f**3 + 5*f**2 + f - 1. Give r(t).
11
Let i(m) = -34*m + 1. Suppose 17*h = 46*h + 406. Let f be 80/70 + ((-2)/h)/(-1). Calculate i(f).
-33
Let r(f) be the second derivative of -f**4/6 - 5*f**3/6 - 27*f**2 + 46*f. Let u(z) be the first derivative of r(z). What is u(-5)?
15
Let u(g) = 11 + 125*g**2 + 35*g + 86 + 122*g**2 + 117*g**2 - 362*g**2. Determine u(-14).
-1
Let a(s) be the first derivative of -s**4/4 + 7*s**3/3 - 2*s**2 + 3*s - 21. Suppose 37*u + 130 - 352 = 0. Calculate a(u).
15
Let b be (-41)/(-82)*(-2 + 1 + 7). Let s(n) = n**b - 5*n + 4*n + 2*n**2 + 6 - 5*n**2 + 8*n**2 - 12*n. Determine s(-7).
-1
Let f(s) = 0*s + 4*s - 26*s**2 + 4 - 478*s**3 + 32*s**2 + 477*s**3. Give f(7).
-17
Let x(l) = -l**3 + 19*l**2 - 17*l - 17. Let g be ((-18)/(-8))/(37/(-10360)*-35). Calculate x(g).
1
Suppose 24*k + 8 = 27*k + 4*d, 0 = 5*k - 3*d + 6. Let j(s) = 10*s - 3. Calculate j(k).
-3
Let o = 0 - -1. Let w(p) = 3*p**3 - 2*p**2 - 1. Suppose -13*m = -9*m - 12. Let f(b) = 2*b**3 - 3*b**2 - b - 1. Let q(j) = m*w(j) - 2*f(j). Give q(o).
6
Let m(k) = -7*k - 15. Let f(t) = 3*t + 8. Suppose -79 = -6*n - 49. Let i(v) = n*f(v) + 2*m(v). Calculate i(-5).
5
Let i(y) = -12*y**2 + y. Suppose 4*v = 4*l, -4*l + 18 = 5*v - 0. Suppose 0 = -v*z - 8, 0*s + 2*s - 4*z - 18 = 0. Calculate i(s).
-11
Let o(c) = 212*c - 22 + 68 - 101*c + 0*c**3 + c**3 + 57*c**2. Calculate o(-55).
-9
Let w(o) be the third derivative of -o**6/120 - 9*o**5/20 - 37*o**4/12 - 13*o**3/3 + 1627*o**2. Determine w(-24).
22
Let u(p) = -7 - 2 + 1 + 6 - 7. Let n(g) = -g - 28. Let f(v) = -2*n(v) + 7*u(v). Calculate f(7).
7
Suppose -7*d = -3*d - 5*g + 2309, -2*g = 6. Let j = -585 - d. Let h(v) be the first derivative of v**2/2 + 9*v - 1. Calculate h(j).
5
Let t(h) = 14 - h - 1229682*h**2 + 1229678*h**2 - h**3 + 9*h + 8*h. Calculate t(-6).
-10
Suppose 6*v - 1353 + 1335 = 0. Let a(l) = 2*l**3 - 4*l**2 - l + 4. What is a(v)?
19
Let o(y) be the first derivative of -3*y**2 + 13*y - 7456. Calculate o(9).
-41
Suppose -45 = -253*a + 244*a. Let j(y) = 3*y + 1 - 5*y**3 + a*y**3 + 2*y**3 + 11 - y**3 + 9*y**2. Determine j(-9).
-15
Suppose 0 = -10*k - 0*k + 40. Let i be (6/k)/(58/(-232)). Let o(q) = q**2 - 8. Determine o(i).
28
Let l be ((-44)/28 - -1)/((3/7)/3). Let t(y) = y**3 + y**2 - 8*y - 9. What is t(l)?
-25
Suppose 4*o - 735 + 703 = 0. Let r(y) = -7*y**3 + 0 + 7*y**2 - o*y + 8*y**3 + 8. Give r(-8).
8
Suppose 0 = 4*p - 32 - 0. Suppose 2*m = -4*x + 10, -2*x - 2*m + 2 + 2 = 0. Let q(c) = 5 - x*c**3 - 8*c**2 - 3*c**3 + 7*c**3. Give q(p).
5
Suppose -6*j = -2*j + 20. Let z(l) be the second derivative of -l**3/6 + 36808*l. What is z(j)?
5
Let n(y) = -3*y**2 - 9*y - 13. Let m(o) = 2*o**2 + 9*o + 12. Let i(h) = 5*m(h) + 4*n(h). Let u be i(5). Let p(z) = u*z**2 - 5*z**2 + z**2. What is p(-5)?
-25
Let q be (-20)/16*2*156/(-65). Let u(j) = 64 - 2*j - 85 - q*j + 7*j. Determine u(-10).
-11
Let m(s) = 7*s**3 - 24*s**2 - 7*s + 7. Let b(v) = -8*v**3 + 26*v**2 + 5*v - 5. Let u(y) = -4*b(y) - 5*m(y). Give u(6).
3
Let d(h) = -h + 0*h - h - 7. Suppose -2*m = -4*m - 6, 2*m = r - 206. Suppose -4*f = -r + 220. Give d(f).
3
Let c(m) = -m - 7. Let k(t) = -7. Let h(p) = 4*c(p) - 12*k(p). Give h(22).
-32
Suppose 72 = 4*r + 2*r. Let a(v) = 0 + r*v - 24*v - 10 + 7*v. What is a(-8)?
30
Let t(d) be the second